is divided by 272?
3
What is the remainder when 19699 is divided by 459?
421
What is the remainder when 256449 is divided by 852?
849
Calculate the remainder when 2308 is divided by 649.
361
Calculate the remainder when 3418 is divided by 29.
25
Calculate the remainder when 82662 is divided by 473.
360
What is the remainder when 39702 is divided by 136?
126
What is the remainder when 40169 is divided by 134?
103
What is the remainder when 127897 is divided by 50?
47
Calculate the remainder when 52017 is divided by 52009.
8
What is the remainder when 199718 is divided by 5874?
2
Calculate the remainder when 4078 is divided by 3251.
827
Calculate the remainder when 146615 is divided by 25.
15
What is the remainder when 58387 is divided by 36?
31
Calculate the remainder when 5399 is divided by 2697.
5
Calculate the remainder when 13735 is divided by 53.
8
Calculate the remainder when 11743 is divided by 1663.
102
What is the remainder when 6112 is divided by 120?
112
Calculate the remainder when 6327 is divided by 2.
1
What is the remainder when 138047 is divided by 127?
125
What is the remainder when 1816 is divided by 485?
361
What is the remainder when 15381 is divided by 36?
9
What is the remainder when 180164 is divided by 24?
20
What is the remainder when 8682 is divided by 865?
32
What is the remainder when 17926 is divided by 5974?
4
Calculate the remainder when 60050 is divided by 568.
410
Calculate the remainder when 149845 is divided by 597.
595
Calculate the remainder when 2344 is divided by 328.
48
What is the remainder when 2777 is divided by 397?
395
Calculate the remainder when 1242 is divided by 19.
7
Calculate the remainder when 2484 is divided by 621.
0
What is the remainder when 849737 is divided by 52?
5
Calculate the remainder when 116400 is divided by 31.
26
What is the remainder when 915345 is divided by 641?
638
What is the remainder when 76699 is divided by 28?
7
Calculate the remainder when 29385 is divided by 167.
160
What is the remainder when 1438 is divided by 547?
344
What is the remainder when 16464 is divided by 270?
264
Calculate the remainder when 85054 is divided by 868.
858
Calculate the remainder when 1406 is divided by 87.
14
Calculate the remainder when 620339 is divided by 101.
98
Calculate the remainder when 21335 is divided by 10501.
333
Calculate the remainder when 98081 is divided by 18.
17
What is the remainder when 1525 is divided by 218?
217
Calculate the remainder when 24349 is divided by 297.
292
What is the remainder when 348983 is divided by 1187?
5
What is the remainder when 103121 is divided by 219?
191
Calculate the remainder when 200596 is divided by 41.
24
What is the remainder when 44623 is divided by 3?
1
Calculate the remainder when 386567 is divided by 72.
71
Calculate the remainder when 6504 is divided by 6501.
3
Calculate the remainder when 22698 is divided by 100.
98
Calculate the remainder when 8745 is divided by 182.
9
Calculate the remainder when 898 is divided by 29.
28
Calculate the remainder when 1333 is divided by 186.
31
Calculate the remainder when 3354 is divided by 153.
141
Calculate the remainder when 19058 is divided by 92.
14
What is the remainder when 1528 is divided by 465?
133
Calculate the remainder when 1619 is divided by 318.
29
Calculate the remainder when 48573 is divided by 481.
473
Calculate the remainder when 30392 is divided by 30248.
144
Calculate the remainder when 181662 is divided by 348.
6
What is the remainder when 7580 is divided by 2520?
20
What is the remainder when 153670 is divided by 203?
202
Calculate the remainder when 106125 is divided by 121.
8
Calculate the remainder when 406172 is divided by 6884.
16
What is the remainder when 33370 is divided by 48?
10
Calculate the remainder when 9583 is divided by 300.
283
Calculate the remainder when 16379 is divided by 655.
4
Calculate the remainder when 987656 is divided by 135.
131
Calculate the remainder when 18938 is divided by 311.
278
Calculate the remainder when 97341 is divided by 119.
118
Calculate the remainder when 191635 is divided by 2903.
37
What is the remainder when 1461 is divided by 342?
93
What is the remainder when 11858 is divided by 277?
224
Calculate the remainder when 21979 is divided by 7322.
13
What is the remainder when 8466 is divided by 33?
18
What is the remainder when 113429 is divided by 570?
569
What is the remainder when 2331 is divided by 61?
13
Calculate the remainder when 611391 is divided by 243.
3
Calculate the remainder when 22685 is divided by 7.
5
What is the remainder when 238469 is divided by 1939?
1911
What is the remainder when 776 is divided by 211?
143
What is the remainder when 66549 is divided by 16621?
65
Calculate the remainder when 720853 is divided by 278.
277
What is the remainder when 690975 is divided by 281?
277
Calculate the remainder when 1304987 is divided by 17.
16
Calculate the remainder when 3297 is divided by 740.
337
What is the remainder when 208012 is divided by 555?
442
Calculate the remainder when 1180 is divided by 55.
25
Calculate the remainder when 311351 is divided by 24.
23
Calculate the remainder when 8577 is divided by 2125.
77
Calculate the remainder when 1735 is divided by 887.
848
Calculate the remainder when 1066 is divided by 217.
198
Calculate the remainder when 121672 is divided by 40553.
13
Calculate the remainder when 45508 is divided by 22625.
258
What is the remainder when 1416 is divided by 95?
86
What is the remainder when 2817 is divided by 315?
297
Calculate the remainder when 566703 is divided by 21.
18
What is the remainder when 67591 is divided by 325?
316
Calculate the remainder when 13548 is divided by 1918.
122
Calculate the remainder when 28882 is divided by 116.
114
What is the remainder when 1124161 is divided by 1214?
1211
What is the remainder when 11601 is divided by 1928?
33
Calculate the remainder when 21296 is divided by 1251.
29
Calculate the remainder when 61929 is divided by 30959.
11
What is the remainder when 27264 is divided by 4525?
114
What is the remainder when 13614586 is divided by 36?
34
Calculate the remainder when 4991 is divided by 1536.
383
Calculate the remainder when 644487 is divided by 21.
18
Calculate the remainder when 5899 is divided by 20.
19
Calculate the remainder when 29539 is divided by 1640.
19
What is the remainder when 14657 is divided by 135?
77
What is the remainder when 21901 is divided by 21561?
340
What is the remainder when 10203 is divided by 4?
3
What is the remainder when 27385 is divided by 100?
85
Calculate the remainder when 1376 is divided by 920.
456
What is the remainder when 3785 is divided by 200?
185
What is the remainder when 1004 is divided by 266?
206
Calculate the remainder when 23878 is divided by 2170.
8
What is the remainder when 32453 is divided by 10806?
35
What is the remainder when 5407 is divided by 2265?
877
What is the remainder when 1470 is divided by 183?
6
Calculate the remainder when 132705 is divided by 146.
137
What is the remainder when 276 is divided by 18?
6
Calculate the remainder when 35546 is divided by 58.
50
Calculate the remainder when 1953 is divided by 276.
21
What is the remainder when 71812 is divided by 399?
391
What is the remainder when 1935 is divided by 35?
10
Calculate the remainder when 1760129 is divided by 123.
122
What is the remainder when 310 is divided by 97?
19
Calculate the remainder when 31682 is divided by 3958.
18
Calculate the remainder when 108603 is divided by 842.
827
Calculate the remainder when 55129 is divided by 391.
389
What is the remainder when 64888 is divided by 14?
12
What is the remainder when 2528 is divided by 734?
326
What is the remainder when 43934 is divided by 14642?
8
What is the remainder when 175052 is divided by 63?
38
Calculate the remainder when 129289 is divided by 16.
9
Calculate the remainder when 27196 is divided by 452.
76
Calculate the remainder when 142343 is divided by 1238.
1211
What is the remainder when 51103 is divided by 269?
262
Calculate the remainder when 4204 is divided by 175.
4
Calculate the remainder when 6055 is divided by 195.
10
What is the remainder when 49923 is divided by 9982?
13
Calculate the remainder when 2957 is divided by 292.
37
What